 a = g - 1434. List the prime factors of a.
2, 881
Let j(b) = b**3 + 73*b**2 + 530*b + 16. What are the prime factors of j(-25)?
2, 83, 101
Let o = 5307 - 1896. List the prime factors of o.
3, 379
Let s = 325 - 128. Suppose 283 = 3*m - s. Suppose -2*j + 0*j = 3*d - 460, d - m = -4*j. What are the prime factors of d?
2, 19
Suppose -13*l + 20 + 6 = 0. Suppose -2*j + 757 = -g, l*j + 2*j = g + 1519. What are the prime factors of j?
3, 127
Let u = -13582 - -25488. List the prime factors of u.
2, 5953
Suppose 319 = 6*y - 77. Suppose 0 = -6*i - y + 660. Let s = i + -15. What are the prime factors of s?
2, 3, 7
Suppose -1 = -f - g - 2, g - 1 = -3*f. Let j = -1423 + 1422. What are the prime factors of (f - -187)*j/(-2)?
2, 47
Suppose -j - 3*q + 14424 = 0, 3*q = 285 - 264. What are the prime factors of j?
3, 4801
Let a(c) = -14*c + 10. Let u be (-104)/6*(3/2)/(-1). Let w = 19 - u. What are the prime factors of a(w)?
2, 3
Let f = -41 - -51. Let d(s) = -2*s**2 + 6*s**2 - 18*s - 3*s**2 + f. What are the prime factors of d(19)?
29
Suppose 31 + 35 = 3*h. Suppose 0 = f - h*f + 9387. List the prime factors of f.
3, 149
List the prime factors of 4035 - (-5 - (-23)/1).
3, 13, 103
Let g(v) = 75*v - 2. Let k be g(4). Suppose 3*d = -2*f - k + 1383, 4*f - 5*d = 2137. List the prime factors of f.
2, 269
Suppose -3*c - 14*u + 19*u = -5086, -c - u + 1698 = 0. Let v = -1108 + c. What are the prime factors of v?
19, 31
Suppose -30*q = -56 - 64. Suppose -115 = -n - 3*t, -14 = -2*n + 5*t + 172. Suppose 5*f = -3*j + n, -q*j + 70 = 2*f - 58. What are the prime factors of j?
31
Let s(t) = -t**2 + 2*t - 9. Let a be 27/6*4/2. Let x be s(a). Let j = -27 - x. What are the prime factors of j?
3, 5
What are the prime factors of 10/(-3)*855882/(-510)?
2, 2797
Suppose -34*q + 13*q + 178320 = 69351. List the prime factors of q.
5189
Suppose -3*h - 321 = -0*h. Let t = 27 - h. Suppose -5*g + 2*d + 2*d = -285, 3*g + 5*d = t. What are the prime factors of g?
53
Let a = -1546 + 18205. List the prime factors of a.
3, 617
Let t(l) = l**3 + 67*l**2 + 260*l + 309. List the prime factors of t(-55).
7, 3187
Let b be (-1)/(-1)*4*-1. Let d(x) = -9*x - 12. Let m be d(b). Suppose -9 = -w + m. What are the prime factors of w?
3, 11
Suppose 2*d = -2, -5*u + 5957 = 6*d - 4562. List the prime factors of u.
5, 421
Suppose 0 = 3*r - 3*x + 39, 3*x - 18 + 59 = -5*r. Let f(m) = 2*m**2 + 2*m + 7. Let s(c) = -c**2. Let u(y) = f(y) + s(y). List the prime factors of u(r).
3, 29
Let j(y) = 24*y**2 + 12*y - 106. Let d be 5 + 498/(-102) - (-234)/34. List the prime factors of j(d).
2, 577
Let b(l) = -2*l**2 - 2 + 24*l - 6 - 1 + 0. Let s be b(7). Let g = 177 + s. List the prime factors of g.
2, 7, 17
Suppose 15*j - 94749 = -77380 + 181711. List the prime factors of j.
2, 3, 7, 79
Suppose -29*s + 147529 = -266533. List the prime factors of s.
2, 11, 59
Let u(t) = -2*t + 4. Let i = -40 + 40. Let p be u(i). List the prime factors of 38/8 - (-1)/p.
5
Let w(l) = -7245*l + 3862. What are the prime factors of w(-3)?
11, 13, 179
Let w = 37 + -31. Let l(p) = -4*p + 23. Let s be l(w). List the prime factors of (-1)/9*-3*s*-57.
19
Let y(v) = -9*v**3 + 9*v**2 - 23*v + 12. Let w be y(-8). Suppose -17*z - w = -21*z. List the prime factors of z.
5, 269
Let s be (7 - (1 - -4))*-7. List the prime factors of 6838/10 - s/70.
2, 3, 19
Suppose 75*i - 70*i = -2*g + 12411, 0 = -5*g - 3*i + 31075. What are the prime factors of g?
2, 3109
Let i(b) = 1050*b**2 + 68*b - 154. What are the prime factors of i(3)?
2, 5, 19
Let x = -570 - -654. Let k be (2 + 2)/(2 + -1). Let p = x + k. What are the prime factors of p?
2, 11
Suppose -5*g = -3*w + 18121, -4*w + 4*g + 12751 = -11397. Suppose -26*p - w = -30*p. What are the prime factors of p?
2, 13, 29
Suppose -5*p - 170 = -b, 2*b + 0*p - 333 = 3*p. Suppose 0 = -5*z - 85 - 95. What are the prime factors of 6/(z/b)*(-2 + 0)?
5, 11
Let o = -20521 + 22775. What are the prime factors of o?
2, 7, 23
Suppose -7*m + 289731 = 25*m + 19*m. What are the prime factors of m?
13, 19, 23
Let t be ((-4)/1)/(0 - (2 + -4)). What are the prime factors of (-97)/(t - (-3 - -1)/2)?
97
Let c(y) be the first derivative of 5/2*y**2 + 1/3*y**3 - 19 - 15*y. List the prime factors of c(10).
3, 5
Let w(k) = -2*k**3 - 11*k**2 - 105*k - 412. What are the prime factors of w(-30)?
2, 11, 2129
Suppose 0 = -12*y + 34*y - 9*y - 20709. List the prime factors of y.
3, 59
Suppose 0 = -65*c + 270977 + 11058. List the prime factors of c.
4339
Let r be 2/(-2)*13*(19 + -20). Suppose 19*o = r*o + 228. List the prime factors of o.
2, 19
Let y = 559 + -429. Let z = -4 + 27. Let o = y - z. What are the prime factors of o?
107
Suppose -1511*s = -1520*s - 72. Let a(p) = 5 - p**2 - 17*p + 6 - 4*p. List the prime factors of a(s).
5, 23
Suppose -8517 = -4*i + y, -37*y + 8507 = 4*i - 36*y. List the prime factors of i.
2, 7, 19
Let w = -9 + -13. Let n(l) = -17*l**3 - 73*l**2 - 3*l + 13. Let q be n(-4). List the prime factors of (-176)/(-10) + w/q.
2, 3
Let g(f) = -7*f**3 + 66*f**2 - 39*f**2 + 6*f**3 + 87*f**2 - 2*f**3 - 10 + 36*f. What are the prime factors of g(38)?
2, 7, 97
Suppose 6*n + 5*r - 3976 = 4*n, -n = 2*r - 1986. List the prime factors of n/7 + -3*(-3)/21.
283
Suppose 2*f + 5*u = 157 + 220, -3*f + 5*u + 603 = 0. List the prime factors of f.
2, 7
Suppose 4*p = 16, 3*s + 42507 = 5*p + 108136. What are the prime factors of s?
79, 277
Suppose -38*b = -16048 - 4434. What are the prime factors of b?
7, 11
Suppose 5*x + 2*r + 2*r = -3112, -x - 2*r - 626 = 0. Let c = 1507 + x. List the prime factors of c.
887
Let i be ((-387)/2 + -3)*18/(-27). Let b = 133 - i. Suppose 4*l = 2*h - 396, 0 = -b*h - 2*h - l + 837. List the prime factors of h.
2, 13
Suppose 23480 = 3*k - 4*w, 2*k + 5*w - 14405 = 1256. List the prime factors of k.
2, 19, 103
Let y(p) = 181*p + 41. Let c be y(4). Suppose 0 = 5*b + 25, -4*u + c = u + 3*b. List the prime factors of u.
2, 3, 13
Suppose -4*z + 2684 = -4*q, 2*q = -0*z - 4*z + 2666. Suppose z + 166 = 2*s. List the prime factors of s.
3, 139
Let h = 16442 + -9801. List the prime factors of h.
29, 229
Let p(t) = -35*t + 23. Let g(v) = -34*v + 24. Let i(q) = 4*g(q) - 5*p(q). List the prime factors of i(7).
2, 127
Let d(y) = -2*y**3 + 5*y**2 + 7*y - 7. Let b be d(5). Let w = 96 + b. What are the prime factors of w*2055/(-18) + 3/(-18)?
2, 3, 19
Let q(w) = 2*w**2 - 15*w - 11. Let s be q(8). Let k be (s - -4) + (-6)/(-2). What are the prime factors of (k - (-4)/(-2 - 2)) + 35?
2, 19
Let i = 2026 + -820. What are the prime factors of 2 - 5/((-30)/i)?
7, 29
Let a be 5*75 - (3 - 3 - 1). What are the prime factors of a + ((-7)/(-7))/(2/(-4))?
2, 11, 17
Suppose -5*f + 13 + 6 = 4*m, 3*f + 4*m - 13 = 0. Suppose -4*a - f*a = -2464. Suppose 6*k - a = 242. List the prime factors of k.
3, 11
Suppose -6*i - 197 = -3353. What are the prime factors of i?
2, 263
Let y(j) = 8*j**2 - 9*j + 1. Let m = -78 + 80. What are the prime factors of y(m)?
3, 5
Let d = 7656 + -3938. List the prime factors of d.
2, 11, 13
Let y(q) = -q**2 + 20*q - 52. Let l be y(32). List the prime factors of (-1 - -21)/((-8)/l).
2, 5, 109
Suppose -10520 = -82*f + 352494. List the prime factors of f.
19, 233
Let p = 38 - 34. Let j be p/(-1) - -7 - 3. Suppose -4*l = d - 132, -480 = -j*d - 4*d - 4*l. What are the prime factors of d?
2, 29
Let f = 1 - -1. Let t(v) = 6*v**2 + 11*v + 8 + 5 + 3*v**2 - v**3 - f. List the prime factors of t(10).
3, 7
Suppose -62*m = -8*m - 483840. Suppose 20*l - m = 4*l. What are the prime factors of l?
2, 5, 7
Let c = -13252 + 34593. What are the prime factors of c?
21341
Let x(z) = 356*z**2 + 142*z + 167. What are the prime factors of x(14)?
3, 23977
Suppose 4*t - 91385 = -5*h, 410*h + 91365 = 4*t + 411*h. What are the prime factors of t?
2, 5, 571
List the prime factors of (-64071)/(-9) - (22 + -21).
2, 3559
Let c(r) be the third derivative of -7*r**4/12 - 11*r**3/3 - 17*r**2. Let l be c(-10). Let k = 204 - l. What are the prime factors of k?
2, 43
Let k(f) = f**2 + 5*f - 21. Let y(u) = u**2 + 6*u - 22. Let n(i) = -4*k(i) + 5*y(i). Let m be n(-11). List the prime factors of (-441)/m - (-6)/10.
2, 3, 5
Let z be 0/1 + 4 - 1. Let m be (-200)/2 + z + -1. What are the prime factors of (1/1)/((-6)/12) - m?
2, 3
Let q be -5 - (2 - 4) - 114. Let v = 213 +